1, 73, 673
What are the prime factors of 1184494?
2, 47, 12601
What are the prime factors of 92948?
2, 19, 1223
List the prime factors of 8719722.
2, 3, 11, 47, 937
What are the prime factors of 606782?
2, 11, 27581
What are the prime factors of 215965?
5, 47, 919
What are the prime factors of 92277?
3, 10253
List the prime factors of 20807717.
7, 19, 101, 1549
List the prime factors of 15872986.
2, 41, 193573
What are the prime factors of 9049413?
3, 347, 8693
What are the prime factors of 1576625?
5, 12613
List the prime factors of 41737840.
2, 5, 521723
List the prime factors of 9980132.
2, 191, 13063
List the prime factors of 22949587.
19, 379, 3187
What are the prime factors of 222151?
222151
List the prime factors of 189220.
2, 5, 9461
What are the prime factors of 396785?
5, 79357
List the prime factors of 8404.
2, 11, 191
What are the prime factors of 255477?
3, 85159
What are the prime factors of 3119783?
3119783
What are the prime factors of 1374918?
2, 3, 229153
List the prime factors of 373236.
2, 3, 19, 1637
List the prime factors of 3113551.
7, 444793
List the prime factors of 10958528.
2, 7, 61, 401
List the prime factors of 655426.
2, 41, 7993
What are the prime factors of 56780?
2, 5, 17, 167
What are the prime factors of 275695?
5, 7, 7877
What are the prime factors of 572788?
2, 143197
List the prime factors of 2885551.
2885551
What are the prime factors of 1427570?
2, 5, 142757
List the prime factors of 74960.
2, 5, 937
List the prime factors of 188888.
2, 7, 3373
List the prime factors of 274136.
2, 34267
What are the prime factors of 6781066?
2, 47, 72139
List the prime factors of 3810605.
5, 762121
What are the prime factors of 44205?
3, 5, 7, 421
What are the prime factors of 9431?
9431
What are the prime factors of 1297141?
29, 44729
List the prime factors of 4899209.
7, 31, 107, 211
What are the prime factors of 1607952?
2, 3, 139, 241
What are the prime factors of 34655902?
2, 37, 468323
List the prime factors of 2461658.
2, 1230829
What are the prime factors of 2996930?
2, 5, 17, 61
List the prime factors of 14703274.
2, 7351637
List the prime factors of 861687.
3, 67, 1429
What are the prime factors of 790488?
2, 3, 10979
List the prime factors of 5053083.
3, 7, 240623
What are the prime factors of 2131190?
2, 5, 213119
List the prime factors of 18337165.
5, 7, 11, 47629
List the prime factors of 20116901.
7, 571, 719
List the prime factors of 1266560.
2, 5, 1979
What are the prime factors of 283989?
3, 181, 523
List the prime factors of 7645338.
2, 3, 23, 59, 313
What are the prime factors of 5660390?
2, 5, 127, 4457
What are the prime factors of 199563?
3, 7, 13, 17, 43
What are the prime factors of 9690?
2, 3, 5, 17, 19
What are the prime factors of 2813526?
2, 3, 156307
What are the prime factors of 141886?
2, 61, 1163
List the prime factors of 1635842.
2, 13, 17, 3701
List the prime factors of 9174030.
2, 3, 5, 313, 977
List the prime factors of 500755.
5, 100151
List the prime factors of 775311.
3, 258437
What are the prime factors of 886104?
2, 3, 31, 397
What are the prime factors of 3127246?
2, 1563623
List the prime factors of 1203978.
2, 3, 31, 6473
List the prime factors of 914332.
2, 179, 1277
List the prime factors of 13338542.
2, 7, 952753
What are the prime factors of 203277?
3, 67759
What are the prime factors of 11872174?
2, 5936087
List the prime factors of 1063729.
1063729
List the prime factors of 9081428.
2, 37, 43, 1427
List the prime factors of 30044515.
5, 47, 127849
List the prime factors of 12064069.
19, 317, 2003
What are the prime factors of 3846200?
2, 5, 19231
What are the prime factors of 527651?
31, 17021
List the prime factors of 62134.
2, 47, 661
List the prime factors of 432774.
2, 3, 24043
List the prime factors of 324391.
324391
List the prime factors of 1142886.
2, 3, 67, 2843
List the prime factors of 2088611.
7, 298373
What are the prime factors of 143275?
5, 11, 521
List the prime factors of 82942.
2, 113, 367
What are the prime factors of 2864054?
2, 541, 2647
What are the prime factors of 7486521?
3, 7, 356501
List the prime factors of 1656099.
3, 83, 739
What are the prime factors of 13998988?
2, 89, 39323
List the prime factors of 53748.
2, 3, 1493
List the prime factors of 347439.
3, 179, 647
List the prime factors of 55639.
55639
List the prime factors of 159719.
7, 22817
List the prime factors of 10782137.
727, 14831
What are the prime factors of 6182054?
2, 3091027
What are the prime factors of 113053?
131, 863
List the prime factors of 530462.
2, 265231
List the prime factors of 1370757.
3, 383, 1193
List the prime factors of 1251141.
3, 103, 4049
What are the prime factors of 942456?
2, 3, 107, 367
List the prime factors of 1130663.
31, 36473
What are the prime factors of 701970?
2, 3, 5, 23399
What are the prime factors of 20691022?
2, 11, 940501
List the prime factors of 463077.
3, 5717
List the prime factors of 382221.
3, 7, 6067
What are the prime factors of 684948?
2, 3, 11, 5189
What are the prime factors of 8906069?
1381, 6449
What are the prime factors of 21515200?
2, 5, 7, 17, 113
What are the prime factors of 564202?
2, 282101
What are the prime factors of 614930?
2, 5, 61493
What are the prime factors of 222699?
3, 19, 3907
List the prime factors of 11560632.
2, 3, 481693
What are the prime factors of 32881860?
2, 3, 5, 11, 16607
List the prime factors of 732983.
227, 3229
List the prime factors of 227501.
227501
What are the prime factors of 6974478?
2, 3, 7, 18451
What are the prime factors of 747318?
2, 3, 11, 13, 67
List the prime factors of 27834.
2, 3, 4639
What are the prime factors of 6862099?
317, 21647
List the prime factors of 20939031.
3, 223, 10433
List the prime factors of 10228769.
10228769
List the prime factors of 817177.
293, 2789
List the prime factors of 3677918.
2, 199, 9241
What are the prime factors of 251570?
2, 5, 11, 2287
What are the prime factors of 1212825?
3, 5, 103, 157
List the prime factors of 449846.
2, 37, 6079
What are the prime factors of 2116794?
2, 3, 71, 4969
What are the prime factors of 1320406?
2, 61, 79, 137
List the prime factors of 4564272.
2, 3, 95089
List the prime factors of 752242.
2, 43, 8747
List the prime factors of 225565.
5, 197, 229
List the prime factors of 11948529.
3, 1499, 2657
What are the prime factors of 31900243?
2609, 12227
What are the prime factors of 1397977?
7, 41, 4871
List the prime factors of 1297808.
2, 29, 2797
List the prime factors of 41010030.
2, 3, 5, 67, 2267
List the prime factors of 288384.
2, 3, 751
What are the prime factors of 461627?
461627
List the prime factors of 7916698.
2, 3958349
What are the prime factors of 364679?
7, 59, 883
What are the prime factors of 34678?
2, 7, 2477
What are the prime factors of 236549?
236549
What are the prime factors of 23478497?
7, 479153
What are the prime factors of 1785599?
1785599
What are the prime factors of 7530881?
17, 139, 3187
What are the prime factors of 86701?
277, 313
What are the prime factors of 144412?
2, 79, 457
What are the prime factors of 913113?
3, 11273
List the prime factors of 1648508.
2, 412127
List the prime factors of 14352726.
2, 3, 17, 223, 631
What are the prime factors of 7920026?
2, 83, 47711
What are the prime factors of 30471196?
2, 7, 151, 7207
List the prime factors of 4959305.
5, 13, 5869
What are the prime factors of 1445656?
2, 157, 1151
List the prime factors of 131506.
2, 47, 1399
What are the prime factors of 219713?
13, 16901
List the prime factors of 5137523.
47, 281, 389
What are the prime factors of 19884?
2, 3, 1657
List the prime factors of 25716.
2, 3, 2143
What are the prime factors of 638818?
2, 19, 16811
What are the prime factors of 4353184?
2, 11, 83, 149
What are the prime factors of 461772?
2, 3, 101, 127
List the prime factors of 3933078.
2, 3, 113, 5801
What are the prime factors of 6152734?
2, 7, 8969
List the prime factors of 382231.
382231
What are the prime factors of 168979?
37, 4567
What are the prime factors of 36699665?
5, 1871, 3923
What are the prime factors of 9687?
3, 3229
What are the prime factors of 2568510?
2, 3, 5, 7, 151
What are the prime factors of 312186?
2, 3, 7, 7433
What are the prime factors of 35823123?
3, 7, 89, 6389
List the prime factors of 53